{"id":99,"date":"2022-02-23T09:31:12","date_gmt":"2022-02-23T08:31:12","guid":{"rendered":"https:\/\/demo.plus36creatives.hu\/micro\/?page_id=99"},"modified":"2022-02-23T13:27:55","modified_gmt":"2022-02-23T12:27:55","slug":"adatvedelmi-iranyelvek","status":"publish","type":"page","link":"https:\/\/demo.plus36creatives.hu\/micro\/adatvedelmi-iranyelvek\/","title":{"rendered":"Adatv\u00e9delmi ir\u00e1nyelvek"},"content":{"rendered":"\n<p>Hat\u00e1lyos 2022. janu\u00e1r 1. napj\u00e1t\u00f3l<\/p>\n\n\n\n<h6 class=\"wp-block-heading\" id=\"az-adatvedelmi-tajekoztatoban-az-adatkezelesi-iranyelveimrol-a-szemelyes-adatok-kezelesenek-gyakorlatarol-a-szemelyes-adatok-vedelme-erdekeben-tett-szervezesi-es-technikai-intezkedeseimrol-valamint-a-honlapra-latogato-felhasznalok-jogai-gyakorlasanak-modjarol-es-lehetosegeirol-szeretnek-informacioval-szolgalni-azt-szeretnem-hogy-az-oldal-latogatoi-pontosan-ertsek-es-tudjak-hogy-mi-tortenik-a-rank-bizott-adataikkal-es-hogy-milyen-donteseik-jogaik-vannak-ezzel-kapcsolatban\">Az Adatv\u00e9delmi T\u00e1j\u00e9koztat\u00f3ban az adatkezel\u00e9si ir\u00e1nyelveinkr\u0151l, a szem\u00e9lyes adatok kezel\u00e9s\u00e9nek gyakorlat\u00e1r\u00f3l, a szem\u00e9lyes adatok v\u00e9delme \u00e9rdek\u00e9ben tett szervez\u00e9si \u00e9s technikai int\u00e9zked\u00e9seinkr\u0151l, valamint a Honlapra l\u00e1togat\u00f3 felhaszn\u00e1l\u00f3k jogai gyakorl\u00e1s\u00e1nak m\u00f3dj\u00e1r\u00f3l \u00e9s lehet\u0151s\u00e9geir\u0151l szeretn\u00e9nk inform\u00e1ci\u00f3val szolg\u00e1lni. Azt szeretn\u00e9nk, hogy az oldal l\u00e1togat\u00f3i pontosan \u00e9rts\u00e9k \u00e9s tudj\u00e1k, hogy mi t\u00f6rt\u00e9nik a r\u00e1nk b\u00edzott adataikkal \u00e9s, hogy milyen d\u00f6nt\u00e9seik, jogaik vannak ezzel kapcsolatban.<\/h6>\n\n\n\n<h5 class=\"wp-block-heading\" id=\"a-vallalkozo-mint-adatkezelo-adatai-elerhetosegei\">A V\u00e1llalkoz\u00f3, mint Adatkezel\u0151 adatai, el\u00e9rhet\u0151s\u00e9gei<\/h5>\n\n\n\n<ol class=\"wp-block-list\"><li>N\u00e9v: <\/li><li>Sz\u00e9khely: <\/li><li>Ad\u00f3sz\u00e1m: <\/li><li>C\u00e9gjegyz\u00e9ksz\u00e1m:<\/li><li>Telefonsz\u00e1m:<\/li><li>E-mail:<\/li><\/ol>\n\n\n\n<h5 class=\"wp-block-heading\" id=\"az-oldal-latogatojakent-tajekoztatast-kerhetsz-az-alabbiakrol\">Az oldal l\u00e1togat\u00f3jak\u00e9nt t\u00e1j\u00e9koztat\u00e1st k\u00e9rhet az al\u00e1bbiakr\u00f3l:<\/h5>\n\n\n\n<p>\u2022 folyamatban van-e b\u00e1rmilyen adatkezel\u00e9s<br>\u2022 az adatkezel\u00e9s c\u00e9lj\u00e1r\u00f3l<br>\u2022 milyen adatok vannak birtokunkban<br>\u2022 milyen c\u00edmzettek l\u00e1thatj\u00e1k m\u00e9g az adatokat<br>\u2022 meddig t\u00e1roljuk az adatokat<br>\u2022 a szem\u00e9lyes adatok helyesb\u00edt\u00e9s\u00e9r\u0151l, t\u00f6rl\u00e9s\u00e9r\u0151l, korl\u00e1toz\u00e1s\u00e1r\u00f3l \u00e9s az adatkezel\u00e9s ellen val\u00f3 tiltakoz\u00e1sr\u00f3l<br>\u2022 panaszt ny\u00fajthat be a fel\u00fcgyeleti hat\u00f3s\u00e1ghoz<br>\u2022 v\u00e9gz\u00fcnk-e profilalkot\u00e1st az adatokb\u00f3l, ez milyen jelent\u0151s\u00e9g\u0171, vagy milyen k\u00f6vetkezm\u00e9nnyel j\u00e1rhat.<\/p>\n\n\n\n<p>&nbsp;Mindezekr\u0151l egy p\u00e9ld\u00e1nyt ingyenesen rendelkez\u00e9sre bocs\u00e1tunk, pap\u00edr vagy elektronikus form\u00e1ban.&nbsp;<br>Tov\u00e1bbi m\u00e1solatok\u00e9rt&nbsp;<em>Adatkezel\u0151nek<\/em>&nbsp;jog\u00e1ban \u00e1ll adminisztrat\u00edv d\u00edjat felsz\u00e1molni.<\/p>\n\n\n\n<p><strong>Fogalom meghat\u00e1roz\u00e1sok<\/strong><br><em>1. \u201eszem\u00e9lyes adat\u201d:<\/em>&nbsp;azonos\u00edtott vagy azonos\u00edthat\u00f3 term\u00e9szetes szem\u00e9lyre (\u201e\u00e9rintett\u201d) vonatkoz\u00f3 b\u00e1rmely&nbsp;inform\u00e1ci\u00f3; azonos\u00edthat\u00f3 az a term\u00e9szetes szem\u00e9ly, aki k\u00f6zvetlen, vagy k\u00f6zvetett m\u00f3don, k\u00fcl\u00f6n\u00f6sen valamely&nbsp;azonos\u00edt\u00f3, p\u00e9ld\u00e1ul n\u00e9v, sz\u00e1m, helymeghat\u00e1roz\u00f3 adat, online azonos\u00edt\u00f3, vagy a term\u00e9szetes szem\u00e9ly testi,&nbsp;fiziol\u00f3giai, genetikai, szellemi, gazdas\u00e1gi, kultur\u00e1lis vagy szoci\u00e1lis azonoss\u00e1g\u00e1ra vonatkoz\u00f3 egy, vagy t\u00f6bb&nbsp;t\u00e9nyez\u0151 alapj\u00e1n azonos\u00edthat\u00f3.<br><em>2. \u201eadatkezel\u00e9s\u201d:<\/em>&nbsp;a szem\u00e9lyes adatokon, vagy adat\u00e1llom\u00e1nyokon automatiz\u00e1lt, vagy nem automatiz\u00e1lt m\u00f3don&nbsp;v\u00e9gzett b\u00e1rmely m\u0171velet, vagy m\u0171veletek \u00f6sszess\u00e9ge, \u00edgy a gy\u0171jt\u00e9s, r\u00f6gz\u00edt\u00e9s, rendszerez\u00e9s, tagol\u00e1s, t\u00e1rol\u00e1s,&nbsp;\u00e1talak\u00edt\u00e1s, vagy megv\u00e1ltoztat\u00e1s, lek\u00e9rdez\u00e9s, betekint\u00e9s, felhaszn\u00e1l\u00e1s, k\u00f6zl\u00e9stov\u00e1bb\u00edt\u00e1s, terjeszt\u00e9s, vagy egy\u00e9b&nbsp;m\u00f3don t\u00f6rt\u00e9n\u0151 hozz\u00e1f\u00e9rhet\u0151v\u00e9 t\u00e9tel \u00fatj\u00e1n, \u00f6sszehangol\u00e1s, vagy \u00f6sszekapcsol\u00e1s, korl\u00e1toz\u00e1s, t\u00f6rl\u00e9s, illetve&nbsp;megsemmis\u00edt\u00e9s.<br><em>3. \u201eadatkezel\u0151\u201d:<\/em>&nbsp;az a term\u00e9szetes vagy jogi szem\u00e9ly, k\u00f6zhatalmi szerv, \u00fcgyn\u00f6ks\u00e9g, vagy b\u00e1rmely egy\u00e9b szerv,&nbsp;amely a szem\u00e9lyes adatok kezel\u00e9s\u00e9nek c\u00e9ljait \u00e9s eszk\u00f6zeit \u00f6n\u00e1ll\u00f3an, vagy m\u00e1sokkal egy\u00fctt meghat\u00e1rozza; ha az&nbsp;adatkezel\u00e9s c\u00e9ljait \u00e9s eszk\u00f6zeit az uni\u00f3s vagy a tag\u00e1llami jog hat\u00e1rozza meg, az adatkezel\u0151t vagy az adatkezel\u0151&nbsp;kijel\u00f6l\u00e9s\u00e9re vonatkoz\u00f3 k\u00fcl\u00f6n\u00f6s szempontokat az uni\u00f3s vagy a tag\u00e1llami jog is meghat\u00e1rozhatja.&nbsp;<br><em>4. \u201eadatfeldolgoz\u00f3\u201d:&nbsp;<\/em>az a term\u00e9szetes vagy jogi szem\u00e9ly, k\u00f6zhatalmi szerv, \u00fcgyn\u00f6ks\u00e9g vagy b\u00e1rmely egy\u00e9b&nbsp;szerv, amely az adatkezel\u0151 nev\u00e9ben szem\u00e9lyes adatokat kezel.<br><em>5. \u201ec\u00edmzett\u201d:<\/em>&nbsp;az a term\u00e9szetes vagy jogi szem\u00e9ly, k\u00f6zhatalmi szerv, \u00fcgyn\u00f6ks\u00e9g vagy b\u00e1rmely egy\u00e9b szerv,&nbsp;akivel vagy amellyel a szem\u00e9lyes adatot k\u00f6zlik, f\u00fcggetlen\u00fcl att\u00f3l, hogy harmadik f\u00e9l-e. Azon k\u00f6zhatalmi&nbsp;szervek, amelyek egy egyedi vizsg\u00e1lat keret\u00e9ben az uni\u00f3s vagy a tag\u00e1llami joggal \u00f6sszhangban f\u00e9rhetnek hozz\u00e1&nbsp;szem\u00e9lyes adatokhoz, nem min\u0151s\u00fclnek c\u00edmzettnek; az eml\u00edtett adatok e k\u00f6zhatalmi szervek \u00e1ltali kezel\u00e9se meg&nbsp;kell, hogy feleljen az adatkezel\u00e9s c\u00e9ljainak megfelel\u0151en az alkalmazand\u00f3 adatv\u00e9delmi szab\u00e1lyoknak.&nbsp;<br><em>6. \u201eaz \u00e9rintett hozz\u00e1j\u00e1rul\u00e1sa\u201d:<\/em>&nbsp;az \u00e9rintett akarat\u00e1nak \u00f6nk\u00e9ntes, konkr\u00e9t \u00e9s megfelel\u0151 t\u00e1j\u00e9koztat\u00e1son alapul\u00f3 \u00e9s&nbsp;egy\u00e9rtelm\u0171 kinyilv\u00e1n\u00edt\u00e1sa, amellyel az \u00e9rintett nyilatkozat vagy a meger\u0151s\u00edt\u00e9st f\u00e9lre\u00e9rthetetlen\u00fcl kifejez\u0151&nbsp;cselekedet \u00fatj\u00e1n jelzi, hogy beleegyez\u00e9s\u00e9t adja az \u0151t \u00e9rint\u0151 szem\u00e9lyes adatok kezel\u00e9s\u00e9hez.<br><em>7. \u201eadatv\u00e9delmi incidens\u201d:<\/em>&nbsp;a biztons\u00e1g olyan s\u00e9r\u00fcl\u00e9se, amely a tov\u00e1bb\u00edtott, t\u00e1rolt vagy m\u00e1s m\u00f3don kezelt&nbsp;szem\u00e9lyes adatok v\u00e9letlen vagy jogellenes megsemmis\u00edt\u00e9s\u00e9t, elveszt\u00e9s\u00e9t, megv\u00e1ltoztat\u00e1s\u00e1t, jogosulatlan&nbsp;k\u00f6zl\u00e9s\u00e9t vagy az azokhoz val\u00f3 jogosulatlan hozz\u00e1f\u00e9r\u00e9st eredm\u00e9nyezi.&nbsp;<\/p>\n\n\n\n<h5 class=\"wp-block-heading\" id=\"i-a-szemelyes-adatok-tervezett-kezelesenek-celja-az-adatkezeles-jogalapja\">I. A SZEM\u00c9LYES ADATOK TERVEZETT KEZEL\u00c9S\u00c9NEK C\u00c9LJA, AZ ADATKEZEL\u00c9S JOGALAPJA<\/h5>\n\n\n\n<p>A tov\u00e1bbiakban r\u00e9szletezz\u00fck, hogy milyen konkr\u00e9t c\u00e9lok \u00e9s jogalapok alapj\u00e1n dolgozunk.<\/p>\n\n\n\n<ul class=\"wp-block-list\"><li><strong>Kapcsolatfelv\u00e9tel<\/strong>: K\u00f6zvetlen \u00fczenetk\u00fcld\u00e9sre egy kapcsolattart\u00e1si \u0171rlap kit\u00f6lt\u00e9s\u00e9t k\u00f6vet\u0151en van lehet\u0151s\u00e9g a honlapon. Az itt megadott n\u00e9v, telefonsz\u00e1m \u00e9s e-mail c\u00edm kezel\u00e9s\u00e9nek jogalapj\u00e1t&nbsp;<strong>az \u00f6nk\u00e9ntes hozz\u00e1j\u00e1rul\u00e1s<\/strong>&nbsp;biztos\u00edtja. Az \u00fczenetek maximum egy \u00e9vig ker\u00fclnek t\u00e1rol\u00e1sra. Harmadik f\u00e9lnek nem ker\u00fclnek \u00e1tad\u00e1sra. Az \u00e9rintett&nbsp;<strong>b\u00e1rmikor visszavonhatja<\/strong>&nbsp;az email c\u00edm\u00fcnkre k\u00fcld\u00f6tt egyszer\u0171 sz\u00f6veges \u00fczenetben.<br><em>\u00a7 Az Eur\u00f3pai Parlament \u00e9s Tan\u00e1cs (EU) 2016\/679. rendelete 6. cikk (1) bek. a) pontj\u00e1val \u00f6sszhangban az adatkezel\u00e9s jogalapja a hozz\u00e1j\u00e1rul\u00e1s.<\/em><\/li><li><strong>Elektronikus lev\u00e9l:<\/strong>&nbsp;Az e-mailben \u00e9rkezett lev\u00e9lb\u0151l a k\u00fcld\u0151 nev\u00e9n \u00e9s e-mail c\u00edm\u00e9n t\u00fal megismerhetj\u00fck a k\u00fcld\u0151 tov\u00e1bbi szem\u00e9lyes adatait, amennyiben az \u00fczenetben azok megjelennek. P\u00e9ld\u00e1ul foglalkoz\u00e1s, telefonsz\u00e1m, f\u00e9nyk\u00e9p.&nbsp;<strong>Hozz\u00e1j\u00e1rul\u00e1s alapj\u00e1n<\/strong>&nbsp;kezelj\u00fck ezeket az adatokat, a kezdem\u00e9nyez\u00e9sre val\u00f3 v\u00e1laszlev\u00e9l vagy telefonos besz\u00e9lget\u00e9s c\u00e9lj\u00e1b\u00f3l. Amennyiben megsz\u0171nik a kapcsolattart\u00e1s, az \u00e9ves rendes takar\u00edt\u00e1s sor\u00e1n t\u00f6rl\u00e9sre ker\u00fclnek az adatok. A hozz\u00e1j\u00e1rul\u00e1s visszavonhat\u00f3 az email c\u00edm\u00fcnkre k\u00fcld\u00f6tt \u00fczenetben<em>.<\/em><br><em>\u00a7 Az Eur\u00f3pai Parlament \u00e9s Tan\u00e1cs (EU) 2016\/679. rendelete 6. cikk (1) bek. a) pontj\u00e1val<\/em>&nbsp;\u00f6sszhangban az adatkezel\u00e9s jogalapja a hozz\u00e1j\u00e1rul\u00e1s.<\/li><li><strong>A&nbsp;regisztr\u00e1ci\u00f3val&nbsp;\u00e9s a<\/strong>&nbsp;<strong>szolg\u00e1ltat\u00e1s ig\u00e9nybev\u00e9tel\u00e9vel \u00f6sszef\u00fcgg\u0151 adatkezel\u00e9s<\/strong>:<br>A regisztr\u00e1ci\u00f3hoz sz\u00fcks\u00e9ges megadni a szem\u00e9lyes adatokat \u2013 n\u00e9v, sz\u00e1ml\u00e1z\u00e1si c\u00edm, el\u00e9rhet\u0151s\u00e9gek, \u2013, annak \u00e9rdek\u00e9ben, hogy sz\u00e1ml\u00e1t \u00e1ll\u00edthassunk ki a megrendelt szolg\u00e1ltat\u00e1sr\u00f3l, illetve annak online \u201ek\u00e9zbes\u00edt\u00e9s\u201d c\u00e9lj\u00e1b\u00f3l k\u00e9rj\u00fck el ezeket az adatokat. T\u00f6rt\u00e9nik mindez&nbsp;<strong>az \u00c1ltal\u00e1nos Szerz\u0151d\u00e9si Felt\u00e9telek teljes\u00edt\u00e9s\u00e9nek k\u00f6r\u00e9ben<\/strong>, a&nbsp;<strong>hat\u00e1lyos Sz\u00e1mviteli t\u00f6rv\u00e9nynek val\u00f3 megfelel\u00e9s<\/strong>&nbsp;(sz\u00e1ml\u00e1z\u00e1s)&nbsp;c\u00e9lj\u00e1b\u00f3l. <br>Az adatt\u00e1rol\u00e1s a teljes\u00edt\u00e9s id\u0151pontj\u00e1t\u00f3l sz\u00e1m\u00edtott 3 \u00e9v, illetve a sz\u00e1ml\u00e1kon szerepl\u0151 adatok a&nbsp;hat\u00e1lyos Sz\u00e1mviteli t\u00f6rv\u00e9nyben r\u00f6gz\u00edtett ideig. Az adatkezel\u00e9s jogalapja regisztr\u00e1ci\u00f3 eset\u00e9n az \u00e9rintett hozz\u00e1j\u00e1rul\u00e1sa, amelyet az \u00e9rintett a V\u00e1llalkoz\u00e1s honlapj\u00e1n a \u201cregisztr\u00e1ci\u00f3\u201d sz\u00f6vegr\u00e9sz melletti jel\u00f6l\u0151n\u00e9gyzet kipip\u00e1l\u00e1s\u00e1val ad meg adatainak kezel\u00e9s\u00e9re vonatkoz\u00f3 t\u00e1j\u00e9koztat\u00e1st k\u00f6vet\u0151en. <br><em>Az \u00e9rintetti k\u00f6r regisztr\u00e1ci\u00f3 eset\u00e9n<\/em>: minden olyan term\u00e9szetes szem\u00e9ly, aki a V\u00e1llalkoz\u00e1s honlapj\u00e1n regisztr\u00e1lni k\u00edv\u00e1n \u00e9s hozz\u00e1j\u00e1rul\u00e1s\u00e1t adja szem\u00e9lyes adatainak kezel\u00e9s\u00e9hez. <br><em>Az adatkezel\u00e9si c\u00e9l regisztr\u00e1ci\u00f3 eset\u00e9n<\/em>: kapcsolatfelv\u00e9tel d\u00edjbek\u00e9r\u0151 sz\u00e1mla ki\u00e1ll\u00edt\u00e1sa c\u00e9lj\u00e1b\u00f3l, a honlapon ingyenesen el\u00e9rhet\u0151 szolg\u00e1ltat\u00e1sok ny\u00fajt\u00e1sa \u00e9rintett r\u00e9sz\u00e9re, v\u00e1llalkoz\u00f3 ezen adatok seg\u00edts\u00e9g\u00e9vel l\u00e9tes\u00edt kapcsolatot \u00fcgyfel\u00e9vel.<br><em>Az adatok c\u00edmzettjei<\/em> (akik megismerhetik az adatokat) regisztr\u00e1ci\u00f3 eset\u00e9n: a V\u00e1llalkoz\u00e1s vezet\u0151je. <br><em>Az adatkezel\u00e9s id\u0151tartama regisztr\u00e1ci\u00f3 eset\u00e9n<\/em>: az \u00e9rintett k\u00e9relm\u00e9re t\u00f6rt\u00e9n\u0151 t\u00f6rl\u00e9sig. <br>Az \u00e9rintett k\u00e9rheti regisztr\u00e1ci\u00f3ja (szem\u00e9lyes adatai) t\u00f6rl\u00e9s\u00e9t.<\/li><li><strong>Referencia, partneri v\u00e9lem\u00e9ny k\u00f6zz\u00e9t\u00e9tele az adatkezel\u0151 weboldal\u00e1n, facebook oldal\u00e1n, egy\u00e9b marketing c\u00e9l\u00fa felhaszn\u00e1l\u00e1ssal kapcsolatos adatkezel\u00e9s:<\/strong><br>A v\u00e1s\u00e1rl\u00f3i visszajelz\u00e9sek, v\u00e9lem\u00e9nyek megjelen\u00edt\u00e9sre ker\u00fclhetnek az online fel\u00fcleteinken, amennyiben az \u00e9rintett \u00f6nk\u00e9ntesen hozz\u00e1j\u00e1rul.&nbsp;<br><strong>Hozz\u00e1j\u00e1rul\u00e1s\u00e1t&nbsp;<\/strong>\u00edr\u00e1sban, e-mail \u00fatj\u00e1n k\u00e9rhetj\u00fck. <br>\u00c9rv\u00e9nyess\u00e9ge a hozz\u00e1j\u00e1rul\u00e1s visszavon\u00e1s\u00e1ig, vagy a c\u00e9l teljes\u00fcl\u00e9s\u00e9ig \u00e9l. <br>A kezelt adatok jellege lehet n\u00e9v, c\u00e9g n\u00e9v, f\u00e9nyk\u00e9p. <br>Az \u00edgy megadott szem\u00e9lyes adatokat r\u00e9szben, vagy eg\u00e9szben felhaszn\u00e1lva nyilv\u00e1noss\u00e1gra hozhatjuk a beleegyez\u00e9s\u00e9vel.<\/li><li><strong>S\u00fctik<\/strong>: A honlap s\u00fctiket haszn\u00e1l&nbsp;<strong>a jobb felhaszn\u00e1l\u00f3i \u00e9lm\u00e9ny \u00e9rdek\u00e9ben<\/strong>,<br><em>\u00a7 Az Eur\u00f3pai Parlament \u00e9s Tan\u00e1cs (EU) 2016\/679. rendelete 6. cikk (1) bek. a) pontj\u00e1val \u00f6sszhangban az adatkezel\u00e9s jogalapja&nbsp;<strong>a hozz\u00e1j\u00e1rul\u00e1s<\/strong><\/em>.&nbsp;<br><strong>A hozz\u00e1j\u00e1rul\u00e1s m\u00f3dos\u00edt\u00e1sa, visszavon\u00e1sa b\u00e1rmikor megtehet\u0151<\/strong>&nbsp;<strong>a weboldalon.<\/strong>&nbsp;<\/li><\/ul>\n\n\n\n<h4 class=\"wp-block-heading\" id=\"iii-adatfeldolgozok\">III. ADATFELDOLGOZ\u00d3K<\/h4>\n\n\n\n<p>A fentiek \u00e9rtelm\u00e9ben adatkezel\u0151k\u00e9nt a szem\u00e9lyes adatait alv\u00e1llalkoz\u00f3ink fel\u00e9 is sz\u00fcks\u00e9ges tov\u00e1bb\u00edtanunk sz\u00e1mlakibocs\u00e1t\u00e1s, k\u00f6nyvel\u00e9s c\u00e9lj\u00e1b\u00f3l, valamint a megadott szem\u00e9lyes adatokhoz hozz\u00e1f\u00e9r\u00e9st adunk a t\u00e1rhelyszolg\u00e1ltat\u00f3nak is. <br><br>Az al\u00e1bbiakban l\u00e1that\u00f3k az el\u00e9rhet\u0151s\u00e9geik:<br><br><strong>Sz\u00e1ml\u00e1z\u00e1s<\/strong><br>C\u00e9gn\u00e9v: <br>C\u00edm: <br>Adatkezel\u00e9si t\u00e1j\u00e9koztat\u00f3:&nbsp;<\/p>\n\n\n\n<p><strong>K\u00f6nyvel\u00e9s<\/strong><br>C\u00e9gn\u00e9v:<br>C\u00edm:<br>Adatkezel\u00e9si t\u00e1j\u00e9koztat\u00f3: <\/p>\n\n\n\n<p><strong>T\u00e1rhelyszolg\u00e1ltat\u00f3<\/strong><br>C\u00e9gn\u00e9v:<br>C\u00edm: <br>Adatkezel\u00e9si t\u00e1j\u00e9koztat\u00f3:<\/p>\n\n\n\n<p><strong>Google LLC<\/strong><br>Sz\u00e9khelye: 1600 Amphitheatre Parkway, Mountain View, CA 94043, USA.<br>Telefon: 650-253-0000<br>E-mail: data-protection-office@google.com<br>Az Adatkezel\u0151 a weboldal haszn\u00e1lat\u00e1nak elemz\u00e9s\u00e9re a Google Inc. \u00e1ltal m\u0171k\u00f6dtetett Google Analytics szolg\u00e1ltat\u00e1st haszn\u00e1lja, amely inform\u00e1ci\u00f3kat gy\u0171jt, \u00e9s statisztikai jelent\u00e9st k\u00e9sz\u00edt a weboldal haszn\u00e1lat\u00e1r\u00f3l, a l\u00e1togat\u00f3k egyedi azonos\u00edt\u00e1sa n\u00e9lk\u00fcl.<br>E szolg\u00e1ltat\u00e1s s\u00fctiket (cookie) haszn\u00e1l, amely az \u00e9rintett sz\u00e1m\u00edt\u00f3g\u00e9p\u00e9re feltelep\u00edt\u00e9sre ker\u00fclnek.<br>A s\u00fctik \u00e1ltal gy\u0171jt\u00f6tt, a weboldal haszn\u00e1lat\u00e1ra vonatkoz\u00f3 adatok t\u00e1rol\u00e1sra ker\u00fclnek a Google LLC, mint adatfeldolgoz\u00f3 szerver\u00e9n.<br>A Google LLC a Privacy Shiled Keretegyezm\u00e9ny alapj\u00e1n vezetett megfelel\u0151s\u00e9gi list\u00e1ban szerepel.<\/p>\n\n\n\n<h4 class=\"wp-block-heading\" id=\"iv-tajekoztatas-az-erintett-jogairol-az-adatkezeles-teljes-idotartamara-vonatkozoan\">IV. T\u00c1J\u00c9KOZTAT\u00c1S AZ \u00c9RINTETT JOGAIR\u00d3L AZ ADATKEZEL\u00c9S TELJES ID\u0150TARTAM\u00c1RA VONATKOZ\u00d3AN<\/h4>\n\n\n\n<ol class=\"wp-block-list\"><li>Hozz\u00e1f\u00e9r\u00e9s a szem\u00e9lyes adatokhoz<br>Jogosult visszajelz\u00e9st k\u00e9rni arra vonatkoz\u00f3an, hogy szem\u00e9lyes adataidnak kezel\u00e9se folyamatban van-e. Ha igen, az milyen jogalappal t\u00f6rt\u00e9nik, milyen adatokat kezel\u00fcnk, kinek adjuk \u00e1t, \u00e9s meddig t\u00e1roljuk.<\/li><li>Helyesb\u00edt\u00e9shez val\u00f3 jog<br>\u00cdr\u00e1sbeli k\u00e9r\u00e9s\u00e9re a szem\u00e9lyes adatait m\u00f3dos\u00edthatjuk, amennyiben el\u00edr\u00e1s t\u00f6rt\u00e9nt.<\/li><li>Szem\u00e9lyes adatok t\u00f6rl\u00e9s\u00e9hez val\u00f3 jog<br>A hozz\u00e1j\u00e1rul\u00e1s visszavon\u00e1sakor a hozz\u00e1j\u00e1rul\u00e1son alapul\u00f3 adatkezel\u00e9st megsz\u00fcntetj\u00fck, a szem\u00e9lyes adatokat t\u00f6r\u00f6lj\u00fck. A jogos \u00e9rdeken alapul\u00f3 adatkezel\u00e9s ellen tiltakoz\u00e1snak \u00e9s megsz\u0171ntet\u00e9snek helye van.<\/li><li>Szem\u00e9lyes adatok korl\u00e1toz\u00e1s\u00e1hoz val\u00f3 jog<br>Szem\u00e9lyes adatainak korl\u00e1toz\u00e1s\u00e1t k\u00e9rheti az al\u00e1bbi esetekben, ha \u00fagy v\u00e9li,<br>\u2013 hogy nem kezelj\u00fck pontosan a szem\u00e9lyes adatait<br>\u2013 hogy jogalap n\u00e9lk\u00fcl kezelj\u00fck<br>\u2013 hogy sz\u00fcks\u00e9ge van r\u00e1juk pl. jogi ig\u00e9nyei \u00e9rv\u00e9nyes\u00edt\u00e9s\u00e9hez.<\/li><li>Tiltakoz\u00e1s a szem\u00e9lyes adatok kezel\u00e9se ellen<br>Szakmai partnereink tiltakoz\u00e1ssal \u00e9lhetnek adataik t\u00e1rol\u00e1sa ellen.<\/li><li>Adathordozhat\u00f3s\u00e1g<br>Amennyiben az adatkezel\u00e9s jogalapja a hozz\u00e1j\u00e1rul\u00e1s vagy a szerz\u0151d\u00e9s, \u00fagy k\u00e9r\u00e9s\u00e9re kiadhat\u00f3k az \u00e1ltalunk t\u00e1rolt adataid m\u00e1sik adatkezel\u0151nek.<\/li><li>A fel\u00fcgyeleti hat\u00f3s\u00e1ghoz val\u00f3 panasz beny\u00fajt\u00e1s\u00e1nak joga<br>K\u00e9rj\u00fck, hogy amennyiben \u00fagy \u00e9rzi, hogy megs\u00e9rtett\u00fck a szem\u00e9lyes adatok\u00a0v\u00e9delm\u00e9hez f\u0171z\u0151d\u0151 jogait, akkor vegye fel vel\u00fcnk a kapcsolatot, hogy az esetleges jogs\u00e9rt\u00e9st orvosolhassuk.\u00a0T\u00e1j\u00e9koztatjuk tov\u00e1bb\u00e1, hogy jogai megs\u00e9rt\u00e9se eset\u00e9n panasszal fordulhat, ill. t\u00e1j\u00e9koztat\u00e1st k\u00e9rhet a Hat\u00f3s\u00e1gt\u00f3l is:<\/li><\/ol>\n\n\n\n<p>N\u00e9v:&nbsp;<strong>Nemzeti Adatv\u00e9delmi \u00e9s Inform\u00e1ci\u00f3szabads\u00e1g Hat\u00f3s\u00e1g<\/strong><br>Sz\u00e9khely: 1125 Budapest, Szil\u00e1gyi Erzs\u00e9bet fasor 22\/C.<br>Levelez\u00e9si c\u00edm: 1530 Budapest, Pf.: 5.<br>Telefon: +36 1 391 1400<br>Fax: +36 1 391 1410<br>E-mail:&nbsp;<a href=\"mailto:ugyfelszolgalat@naih.hu\">ugyfelszolgalat@naih.hu<\/a><br>Honlap:&nbsp;<a rel=\"noreferrer noopener\" href=\"http:\/\/www.naih.hu\/\" target=\"_blank\">http:\/\/www.naih.hu<\/a><\/p>\n\n\n\n<h4 class=\"wp-block-heading\" id=\"v-automatizalt-donteshozatal\">V. AUTOMATIZ\u00c1LT D\u00d6NT\u00c9SHOZATAL<\/h4>\n\n\n\n<p>Automatiz\u00e1lt d\u00f6nt\u00e9shozatali tev\u00e9kenys\u00e9get nem folytatunk.<\/p>\n\n\n\n<h4 class=\"wp-block-heading\" id=\"vi-biztonsag\">VI. BIZTONS\u00c1G<\/h4>\n\n\n\n<p>A megfelel\u0151 biztons\u00e1gi int\u00e9zked\u00e9sek kialak\u00edt\u00e1sa sor\u00e1n figyelembe vett\u00fck a tudom\u00e1ny \u00e9s a technol\u00f3gia \u00e1ll\u00e1s\u00e1t, az adatkezel\u00e9s jelleg\u00e9t, hat\u00f3k\u00f6r\u00e9t, k\u00f6r\u00fclm\u00e9nyeit, c\u00e9ljait, \u00e9s a term\u00e9szetes szem\u00e9lyek jogaira \u00e9s szabads\u00e1gaira jelentett v\u00e1ltoz\u00f3 val\u00f3sz\u00edn\u0171s\u00e9g\u0171 \u00e9s s\u00falyoss\u00e1g\u00fa kock\u00e1zatot.<\/p>\n\n\n\n<h4 class=\"wp-block-heading\" id=\"vii-egyeb-rendelkezesek\">VII. EGY\u00c9B RENDELKEZ\u00c9SEK<\/h4>\n\n\n\n<p>Jelen adatv\u00e9delmi t\u00e1j\u00e9koztat\u00f3 2021. janu\u00e1r 1. napj\u00e1n l\u00e9p hat\u00e1lyba.<br>A t\u00e1j\u00e9koztat\u00f3 nem ism\u00e9tli meg a vonatkoz\u00f3 jogszab\u00e1lyokban, mindenkire egyform\u00e1n k\u00f6telez\u0151 tartalmat.<br>A t\u00e1j\u00e9koztat\u00e1s elk\u00e9sz\u00edt\u00e9sekor figyelembe vett\u00fck \u00e9s ir\u00e1nyad\u00f3nak tekintett\u00fck a nem r\u00e9szletezett k\u00e9rd\u00e9sekben a k\u00f6vetkez\u0151 forr\u00e1sokat:<\/p>\n\n\n\n<p>Az Eur\u00f3pai Parlament \u00e9s Tan\u00e1cs (EU) 2016\/679 rendelete a term\u00e9szetes szem\u00e9lyeknek a szem\u00e9lyes adatok kezel\u00e9se tekintet\u00e9ben t\u00f6rt\u00e9n\u0151 v\u00e9delm\u00e9r\u0151l \u00e9s a ilyen adatok szabad \u00e1raml\u00e1s\u00e1r\u00f3l, valamint a 95\/46\/EK rendelet hat\u00e1lyon k\u00edv\u00fcl helyez\u00e9s\u00e9r\u0151l (39); (42); (50); (55); (60)-(63); (66); (71) preambulum bekezd\u00e9sei, tov\u00e1bb\u00e1 a 12-22.<br>cikk \u00e9s&nbsp;<a href=\"http:\/\/naih.hu\/files\/CELEX_32016R0679_HU_TXT.pdf\" target=\"_blank\" rel=\"noreferrer noopener\">http:\/\/naih.hu\/files\/CELEX_32016R0679_HU_TXT.pdf<\/a>&nbsp;tartalm\u00e1t.<\/p>\n\n\n\n<p>Az inform\u00e1ci\u00f3s \u00f6nrendelkez\u00e9si jogr\u00f3l \u00e9s az inform\u00e1ci\u00f3szabads\u00e1gr\u00f3l sz\u00f3l\u00f3 2011. \u00e9vi CXII. t\u00f6rv\u00e9nyt:<br><a rel=\"noreferrer noopener\" href=\"https:\/\/net.jogtar.hu\/getpdf?docid=a1100112.tv&amp;targetdate=20180101&amp;printTitle=2011.+%C3%A9vi+CXII.+t%C3%B6rv%C3%A9ny\" target=\"_blank\">https:\/\/net.jogtar.hu\/getpdf?docid=a1100112.tv&amp;targetdate=20180101&amp;printTitle=20<br>11.+%C3%A9vi+CXII.+t%C3%B6rv%C3%A9ny<\/a><\/p>\n\n\n\n<p>A NAIH aj\u00e1nl\u00e1s\u00e1t az el\u0151zetes t\u00e1j\u00e9koztat\u00e1s adatv\u00e9delmi k\u00f6vetelm\u00e9nyeir\u0151l (2015.10.09.) alapj\u00e1n.<br><a rel=\"noreferrer noopener\" href=\"https:\/\/naih.hu\/files\/tajekoztato-ajanlas-v-2015-10-09.pdf\" target=\"_blank\">https:\/\/naih.hu\/files\/tajekoztato-ajanlas-v-2015-10-09.pdf<\/a><\/p>\n\n\n\n<p>A 29-es Adatv\u00e9delmi Munkacsoport ir\u00e1nymutat\u00e1s\u00e1t az el\u0151zetes t\u00e1j\u00e9koztat\u00e1sr\u00f3l (17\/EN WP259 rev.01 \u2013 utols\u00f3 m\u00f3dos\u00edt\u00e1s: 2018.04.10.);<br><a rel=\"noreferrer noopener\" href=\"http:\/\/naih.hu\/files\/wp259rev.01_EN_Guidelines_on_Consent.pdf\" target=\"_blank\">http:\/\/naih.hu\/files\/wp259rev.01_EN_Guidelines_on_Consent.pdf<\/a><\/p>\n\n\n\n<p>A 29-es Adatv\u00e9delmi Munkacsoport ir\u00e1nymutat\u00e1s\u00e1t az \u00e1tl\u00e1that\u00f3s\u00e1gr\u00f3l (17\/EN WP260 rev.01 \u2013 utols\u00f3 m\u00f3dos\u00edt\u00e1s: 2018.04.11.)<br><a rel=\"noreferrer noopener\" href=\"http:\/\/naih.hu\/files\/wp260rev.01_EN_Guidelines_on_Transparency.pdf\" target=\"_blank\">http:\/\/naih.hu\/files\/wp260rev.01_EN_Guidelines_on_Transparency.pdf<\/a><\/p>\n","protected":false},"excerpt":{"rendered":"<p>Hat\u00e1lyos 2022. janu\u00e1r 1. napj\u00e1t\u00f3l Az Adatv\u00e9delmi T\u00e1j\u00e9koztat\u00f3ban az adatkezel\u00e9si ir\u00e1nyelveinkr\u0151l, a szem\u00e9lyes adatok kezel\u00e9s\u00e9nek gyakorlat\u00e1r\u00f3l, a szem\u00e9lyes adatok v\u00e9delme \u00e9rdek\u00e9ben tett szervez\u00e9si \u00e9s technikai int\u00e9zked\u00e9seinkr\u0151l, valamint a Honlapra l\u00e1togat\u00f3 felhaszn\u00e1l\u00f3k jogai gyakorl\u00e1s\u00e1nak m\u00f3dj\u00e1r\u00f3l \u00e9s lehet\u0151s\u00e9geir\u0151l szeretn\u00e9nk inform\u00e1ci\u00f3val szolg\u00e1lni. Azt szeretn\u00e9nk, hogy az oldal l\u00e1togat\u00f3i pontosan \u00e9rts\u00e9k \u00e9s tudj\u00e1k, hogy mi t\u00f6rt\u00e9nik a r\u00e1nk b\u00edzott [&hellip;]<\/p>\n","protected":false},"author":1,"featured_media":0,"parent":0,"menu_order":0,"comment_status":"closed","ping_status":"closed","template":"","meta":{"_acf_changed":false,"footnotes":""},"class_list":["post-99","page","type-page","status-publish","hentry"],"acf":[],"_links":{"self":[{"href":"https:\/\/demo.plus36creatives.hu\/micro\/wp-json\/wp\/v2\/pages\/99","targetHints":{"allow":["GET"]}}],"collection":[{"href":"https:\/\/demo.plus36creatives.hu\/micro\/wp-json\/wp\/v2\/pages"}],"about":[{"href":"https:\/\/demo.plus36creatives.hu\/micro\/wp-json\/wp\/v2\/types\/page"}],"author":[{"embeddable":true,"href":"https:\/\/demo.plus36creatives.hu\/micro\/wp-json\/wp\/v2\/users\/1"}],"replies":[{"embeddable":true,"href":"https:\/\/demo.plus36creatives.hu\/micro\/wp-json\/wp\/v2\/comments?post=99"}],"version-history":[{"count":0,"href":"https:\/\/demo.plus36creatives.hu\/micro\/wp-json\/wp\/v2\/pages\/99\/revisions"}],"wp:attachment":[{"href":"https:\/\/demo.plus36creatives.hu\/micro\/wp-json\/wp\/v2\/media?parent=99"}],"curies":[{"name":"wp","href":"https:\/\/api.w.org\/{rel}","templated":true}]}}